st common factor of 3352 and 2.
2
Calculate the highest common factor of 7 and 2023.
7
What is the greatest common divisor of 71 and 4?
1
Calculate the greatest common divisor of 448 and 7.
7
What is the greatest common divisor of 9 and 1116?
9
Calculate the greatest common divisor of 2982 and 42.
42
What is the highest common factor of 1331 and 55?
11
What is the greatest common divisor of 5439 and 42?
21
Calculate the highest common factor of 133 and 2.
1
What is the greatest common divisor of 63 and 1701?
63
What is the greatest common factor of 180 and 220?
20
What is the highest common divisor of 195 and 1599?
39
What is the greatest common factor of 168 and 1596?
84
What is the highest common divisor of 84 and 805?
7
What is the greatest common factor of 147 and 2352?
147
What is the highest common factor of 1310 and 10?
10
Calculate the greatest common factor of 4 and 556.
4
What is the greatest common divisor of 11 and 44?
11
Calculate the highest common factor of 816 and 51.
51
Calculate the highest common factor of 651 and 21.
21
What is the highest common factor of 6422 and 114?
38
What is the greatest common factor of 387 and 180?
9
What is the highest common factor of 208 and 156?
52
Calculate the highest common divisor of 552 and 14214.
138
What is the highest common factor of 45 and 5385?
15
Calculate the highest common divisor of 30720 and 15.
15
What is the highest common divisor of 90 and 10?
10
Calculate the highest common divisor of 1102 and 406.
58
Calculate the greatest common divisor of 60 and 660.
60
What is the greatest common divisor of 3 and 417?
3
Calculate the highest common factor of 12 and 3372.
12
What is the highest common factor of 458 and 2061?
229
Calculate the greatest common divisor of 636 and 12.
12
What is the greatest common divisor of 12 and 156?
12
What is the highest common divisor of 500 and 300?
100
What is the highest common factor of 9 and 2169?
9
Calculate the greatest common factor of 36 and 21852.
36
Calculate the greatest common factor of 52 and 2.
2
Calculate the greatest common divisor of 141 and 1175.
47
Calculate the highest common factor of 125 and 25.
25
Calculate the highest common factor of 30 and 480.
30
Calculate the highest common divisor of 13 and 27924.
13
What is the highest common factor of 95459 and 13?
13
Calculate the greatest common divisor of 120 and 7110.
30
Calculate the highest common factor of 34 and 15538.
34
What is the greatest common factor of 13 and 22217?
13
What is the highest common divisor of 4137 and 3?
3
What is the highest common factor of 119 and 119?
119
Calculate the greatest common factor of 400 and 6500.
100
What is the greatest common factor of 1359 and 151?
151
What is the greatest common divisor of 34 and 7871?
17
What is the highest common factor of 75 and 7?
1
What is the greatest common divisor of 35 and 308?
7
What is the highest common divisor of 95 and 1045?
95
Calculate the highest common factor of 30960 and 43.
43
Calculate the greatest common divisor of 61111 and 23.
23
Calculate the highest common divisor of 16 and 16.
16
What is the greatest common factor of 22 and 11264?
22
What is the greatest common divisor of 48 and 11616?
48
Calculate the highest common factor of 540 and 81.
27
What is the greatest common divisor of 833 and 175?
7
Calculate the highest common divisor of 638 and 2.
2
What is the greatest common divisor of 2140 and 60?
20
Calculate the greatest common factor of 28 and 1687.
7
What is the highest common divisor of 63 and 144?
9
Calculate the highest common divisor of 104 and 793.
13
What is the greatest common divisor of 33 and 11?
11
What is the greatest common factor of 38 and 475?
19
What is the greatest common divisor of 2565 and 315?
45
Calculate the highest common factor of 6 and 58.
2
Calculate the highest common divisor of 32 and 316.
4
Calculate the highest common divisor of 675 and 243.
27
Calculate the greatest common divisor of 122 and 8.
2
What is the greatest common divisor of 70 and 14?
14
Calculate the greatest common divisor of 697 and 34.
17
What is the highest common factor of 48 and 8?
8
What is the greatest common divisor of 220 and 100?
20
Calculate the greatest common divisor of 295 and 5.
5
Calculate the greatest common divisor of 196 and 294.
98
Calculate the highest common factor of 34 and 629.
17
What is the highest common factor of 158 and 2?
2
Calculate the highest common factor of 162 and 1674.
54
Calculate the highest common factor of 5875 and 188.
47
What is the highest common divisor of 28 and 1722?
14
What is the greatest common factor of 43255 and 410?
205
Calculate the highest common factor of 4867 and 155.
31
What is the greatest common factor of 70 and 175?
35
Calculate the greatest common divisor of 7 and 3.
1
Calculate the greatest common factor of 186 and 496.
62
Calculate the highest common factor of 83782 and 326.
326
What is the highest common factor of 36 and 828?
36
What is the greatest common factor of 13 and 1508?
13
What is the highest common divisor of 204 and 2346?
102
Calculate the greatest common divisor of 143 and 429.
143
What is the highest common divisor of 108 and 20?
4
What is the highest common factor of 45 and 18?
9
What is the highest common factor of 80 and 888?
8
What is the greatest common factor of 33 and 1221?
33
What is the greatest common factor of 276 and 92?
92
Calculate the highest common divisor of 69 and 1587.
69
Calculate the highest common divisor of 264 and 516.
12
Calculate the highest common factor of 6 and 1578.
6
Calculate the greatest common factor of 517 and 11.
11
Calculate the greatest common divisor of 26 and 104.
26
Calculate the highest common factor of 19 and 1007.
19
Calculate the highest common factor of 8 and 1160.
8
What is the highest common divisor of 348 and 145?
29
What is the greatest common divisor of 5264 and 336?
112
What is the greatest common factor of 380 and 40?
20
What is the greatest common factor of 528 and 165?
33
What is the greatest common factor of 72 and 45?
9
What is the highest common divisor of 18 and 549?
9
What is the greatest common divisor of 6 and 1698?
6
What is the greatest common factor of 30 and 3300?
30
What is the greatest common divisor of 232 and 2146?
58
Calculate the highest common divisor of 4183 and 178.
89
What is the greatest common divisor of 60 and 96?
12
What is the greatest common factor of 104 and 1384?
8
What is the greatest common factor of 23 and 2461?
23
What is the highest common divisor of 7 and 7?
7
Calculate the highest common divisor of 288 and 2.
2
Calculate the greatest common divisor of 64 and 832.
64
What is the greatest common divisor of 66 and 913?
11
Calculate the highest common divisor of 1537 and 261.
29
Calculate the highest common factor of 1152 and 16.
16
Calculate the greatest common factor of 68 and 2.
2
What is the greatest common divisor of 1188 and 204?
12
What is the highest common divisor of 584 and 657?
73
Calculate the highest common factor of 688 and 258.
86
Calculate the greatest common divisor of 2624 and 82.
82
What is the highest common factor of 63 and 84?
21
Calculate the greatest common factor of 14 and 48.
2
Calculate the greatest common divisor of 30 and 32.
2
Calculate the highest common divisor of 3225 and 15.
15
What is the greatest common factor of 498 and 258?
6
Calculate the greatest common divisor of 77 and 33.
11
Calculate the highest common factor of 1225 and 100.
25
What is the highest common divisor of 108 and 384?
12
What is the greatest common factor of 156 and 16?
4
Calculate the greatest common factor of 1092 and 7.
7
Calculate the highest common divisor of 9 and 60.
3
Calculate the greatest common factor of 799 and 34.
17
Calculate the highest common divisor of 318 and 424.
106
Calculate the greatest common divisor of 10 and 15.
5
Calculate the greatest common divisor of 25 and 25.
25
What is the highest common divisor of 102 and 238?
34
Calculate the greatest common factor of 658 and 14.
14
What is the highest common factor of 160 and 2440?
40
What is the highest common factor of 11060 and 30?
10
What is the highest common factor of 29 and 261?
29
What is the greatest common divisor of 28 and 91?
7
Calculate the greatest 